e
Is 79741 a multiple of 21?
False
Is 9629361 a multiple of 81?
True
Is 684 a factor of 1114422?
False
Is 581 a factor of 11039?
True
Is 400 a factor of 10000?
True
Is 9 a factor of 5156250?
False
Does 1051 divide 3150898?
True
Is 4354 a multiple of 7?
True
Does 62 divide 97960?
True
Does 24 divide 822?
False
Is 76 a factor of 44612?
True
Does 228 divide 684456?
True
Is 12 a factor of 402684?
True
Is 13500 a multiple of 9?
True
Is 2210386 a multiple of 81?
False
Is 1348664 a multiple of 6?
False
Does 262 divide 294408?
False
Is 167 a factor of 136940?
True
Is 26664250 a multiple of 125?
True
Does 36 divide 519238?
False
Is 10774420 a multiple of 118?
False
Is 9755400 a multiple of 355?
True
Is 275 a factor of 273625?
True
Is 5 a factor of 45565?
True
Is 4613310 a multiple of 39?
True
Is 140530 a multiple of 18?
False
Is 532 a factor of 531468?
True
Does 12 divide 90408?
True
Is 539 a factor of 8479009?
True
Does 961 divide 6036246?
False
Does 2 divide 129128?
True
Is 1940195 a multiple of 47?
False
Is 1576 a factor of 1126840?
True
Is 156679 a multiple of 2?
False
Is 1239605 a multiple of 515?
True
Does 82 divide 919056?
True
Does 142 divide 8530692?
False
Is 363950 a multiple of 58?
True
Is 398950 a multiple of 101?
True
Is 132 a factor of 1038380?
False
Is 726378 a multiple of 64?
False
Is 298080 a multiple of 108?
True
Is 6370 a multiple of 2?
True
Is 4 a factor of 17632?
True
Is 79 a factor of 46514?
False
Is 268 a factor of 3933972?
True
Is 9 a factor of 1447357?
False
Does 57 divide 4427418?
True
Is 897 a factor of 6776227?
False
Is 48046 a multiple of 14?
False
Does 8 divide 585920?
True
Is 92 a factor of 25116?
True
Is 246926 a multiple of 373?
True
Is 310754 a multiple of 31?
False
Is 120620 a multiple of 370?
True
Is 1168478 a multiple of 293?
False
Is 84240 a multiple of 35?
False
Is 148 a factor of 63802?
False
Is 181792 a multiple of 26?
True
Does 127 divide 2480183?
True
Does 171 divide 549936?
True
Is 134 a factor of 11111350?
False
Is 12188200 a multiple of 596?
True
Is 60366 a multiple of 23?
False
Is 513366 a multiple of 21?
True
Is 530570 a multiple of 13?
False
Is 28485 a multiple of 9?
True
Is 22337 a multiple of 117?
False
Is 6 a factor of 150740?
False
Is 214 a factor of 1664509?
False
Is 26 a factor of 168439?
False
Is 723323 a multiple of 56?
False
Is 181969 a multiple of 20?
False
Is 4380473 a multiple of 34?
False
Is 166 a factor of 292907?
False
Is 10 a factor of 491?
False
Does 3 divide 58260?
True
Is 4776516 a multiple of 18?
True
Does 9 divide 31437?
True
Is 1735626 a multiple of 153?
False
Is 444 a factor of 435470?
False
Does 315 divide 1862040?
False
Is 5 a factor of 25685?
True
Does 56 divide 5927096?
True
Does 217 divide 7926471?
False
Is 10 a factor of 111276?
False
Is 456 a factor of 419064?
True
Is 2003432 a multiple of 15?
False
Is 12 a factor of 16205?
False
Does 1063 divide 5002588?
False
Does 30 divide 6330?
True
Is 3109 even?
False
Is 219018 a multiple of 346?
True
Is 24 a factor of 81550?
False
Is 183 a factor of 5251783?
False
Does 107 divide 95337?
True
Is 4195473 a multiple of 52?
False
Is 36 a factor of 23376109?
False
Is 133 a factor of 384769?
True
Is 43 a factor of 1791982?
True
Is 183456 a multiple of 3?
True
Is 3038478 a multiple of 51?
True
Does 7 divide 935689?
False
Is 3 a factor of 1247?
False
Is 399168 a multiple of 72?
True
Is 199917 a multiple of 9?
True
Is 281820 a multiple of 110?
True
Does 722 divide 191851?
False
Does 429 divide 921502?
False
Is 24 a factor of 1393848?
True
Is 26 a factor of 318409?
False
Is 13536095 a multiple of 359?
True
Is 43 a factor of 243026?
False
Is 1773674 a multiple of 248?
False
Does 86 divide 2667376?
True
Is 402 a factor of 484812?
True
Does 76 divide 2507572?
False
Does 18 divide 9930544?
False
Is 97652 a multiple of 100?
False
Does 340 divide 255913?
False
Is 22 a factor of 4382?
False
Is 968200 a multiple of 206?
True
Does 333 divide 338923?
False
Does 725 divide 2014854?
False
Does 83 divide 2530504?
True
Is 15 a factor of 3566036?
False
Is 49856 a multiple of 64?
True
Is 1484746 a multiple of 63?
False
Does 371 divide 2678000?
False
Does 385 divide 1630492?
False
Is 2497448 a multiple of 175?
False
Is 5 a factor of 982839?
False
Does 66 divide 102696?
True
Does 12 divide 3283834?
False
Is 10 a factor of 754779?
False
Is 1731348 a multiple of 27?
True
Is 783045 a multiple of 38?
False
Is 352232 a multiple of 4?
True
Does 218 divide 69739?
False
Does 425 divide 259744?
False
Does 234 divide 16764?
False
Is 931 a factor of 19750534?
False
Is 9301422 a multiple of 39?
True
Is 241220 a multiple of 140?
True
Does 7 divide 342104?
True
Does 114 divide 85614?
True
Does 116 divide 168762?
False
Is 1371320 a multiple of 433?
False
Does 102 divide 35700?
True
Is 292999 a multiple of 43?
False
Is 1212080 a multiple of 872?
True
Is 255 a factor of 129886?
False
Is 6 a factor of 1053438?
True
Is 50482 a multiple of 43?
True
Is 76 a factor of 427120?
True
Is 33731 a multiple of 13?
False
Is 645 a factor of 458038?
False
Is 178 a factor of 629069?
False
Does 4 divide 459868?
True
Is 27 a factor of 33723?
True
Does 320 divide 539520?
True
Is 20 a factor of 2809581?
False
Is 440781 a multiple of 776?
False
Is 684870 a multiple of 74?
True
Is 4052481 a multiple of 15?
False
Is 1099852 a multiple of 676?
True
Is 32972 a multiple of 13?
False
Does 770 divide 381920?
True
Is 73021 a multiple of 137?
True
Does 3 divide 35811?
True
Is 23 a factor of 1732863?
False
Does 146 divide 1202116?
False
Is 140008 a multiple of 172?
True
Is 19258 even?
True
Is 1052125 a multiple of 125?
True
Is 6 a factor of 15671?
False
Is 23 a factor of 12107042?
False
Does 4 divide 208604?
True
Is 1314 a factor of 3718620?
True
Is 2219183 a multiple of 198?
False
Is 160702 a multiple of 3?
False
Does 130 divide 75934?
False
Is 27 a factor of 4639167?
True
Is 100740 a multiple of 6?
True
Is 3801978 a multiple of 9?
True
Does 497 divide 76830?
False
Is 2 a factor of 1376?
True
Is 4 a factor of 8104?
True
Is 1198666 a multiple of 627?
False
Is 224 a factor of 4883352?
False
Is 19230 a multiple of 34?
False
Does 1171 divide 7826964?
True
Is 320 a factor of 291840?
True
Does 58 divide 19198?
True
Is 25 a factor of 28625?
True
Is 2977466 a multiple of 16?
False
Is 4 a factor of 30316?
True
Is 457090 a multiple of 473?
False
Does 244 divide 111244?
False
Is 803136 a multiple of 245?
False
Is 321563 a multiple of 103?
False
Does 38 divide 5106858?
True
Is 69 a factor of 2794497?
False
Is 3717374 a multiple of 141?
False
Is 340863 a multiple of 9?
False
Is 66 a factor of 268884?
True
Does 61 divide 298107?
True
Is 20 a factor of 1060?
True
Does 9 divide 63082?
False
Is 114 a factor of 19301302?
False
Is 793 a factor of 484190?
False
Is 6008851 a multiple of 18?
False
Does 207 divide 1370754?
True
Is 874 a factor of 6193164?
True
Is 1301 a factor of 1265873?
True
Is 237 a factor of 86742?
True
Is 98 a factor of 269995?
False
Is 1515670 a multiple of 130?
True
Is 92644 a multiple of 46?
True
Is 124 a factor of 50592?
True
Does 103 divide 32855?
False
Does 101 divide 67367?
True
Does 287 divide 120325?
False
Is 2 a factor of 1484595?
False
Is 90972 a multiple of 21?
True
Is 709 a factor of 5888954?
True
Does 226 divide 35030?
True
Is 1045 a factor of 1768791?
False
Does 5 divide 9823107?
False
Is 16 a factor of 69487?
False
Is 47 a factor of 753?
False
Is 27 a factor of 207711?
True
Is 956631 a multiple of 12?
False
Does 515 divide 4647360?
True
Is 691818 a multiple of 13?
False
Does 15 divide 14595?
True
Does 5 divide 59555?
True
Is 33211 a multiple of 30?
False
Is 4 a factor of 347172?
True
Is 510232 a multiple of 5?
False
Does 4 divide 202540?
True
Does 12 divide 2307264?
True
Does 7 divide 9026?
False
Is 19 a factor of 1799142?
False
Is 169 a factor of 35328?
False
Is 1155232 a multiple of 8?
True
Is 7 a factor of 1908921?
True
Is 1194571 a multiple of 208?
False
Is 8871824 a multiple of 17?
True
Does 37 divide 10794541?
False
Is 303 a factor of 3381783?
True
Does 52 divide 9127917?
False
Is 63538 a multiple of 6?
False
Is 4 a factor of 391220?
True
Is 197187 a multiple of 16?
False
Does 29 divide 278371?
True
Is 33 a factor of 451522?
False
Is 2 a factor of 199110?
True
Is 121256 a multiple of